8*o + 33*o + 27 = 3*a. Calculate h(o).
10
Let y(d) = -5*d**3 + d**2 - d + 1. Let m be y(1). Let i(s) be the third derivative of s**4/24 + 5*s**3/6 + 7*s**2. Give i(m).
1
Let l(y) = -5*y + 0*y - 4*y - 14*y + 29*y + 1. Give l(-7).
-41
Let f(q) be the second derivative of q**4/12 + 11*q**3/6 + 6*q + 10. Determine f(-10).
-10
Suppose -3*k + 2*a = -16, k - 2 = 3*a + 1. Suppose k*j - j = 30. Let s(v) be the first derivative of -v**4/4 + 2*v**3 + v**2/2 - 3*v + 5. Give s(j).
3
Suppose -2*x - 101 + 101 = 0. Let a(o) be the third derivative of 0 - 1/15*o**5 - 1/6*o**3 + x*o - 1/24*o**4 - 1/120*o**6 - 4*o**2. What is a(-3)?
-7
Suppose -7*i = 393 - 358. Let k(g) = g**3 + 5*g**2 + 3*g - 5. What is k(i)?
-20
Let u(h) = h**3 - 2*h**2 - 4*h + 6. Let p be u(3). Suppose 0 = p*o - 6 - 15. Let k(r) = r**2 - 6*r - 10. What is k(o)?
-3
Let g be 94/18 + (-4 - (-170)/45). Suppose g = -3*b + 8. Let m(s) = -3*s**3 - 2*s + 1. Calculate m(b).
-4
Let u be 39/(-15) + 3 + 135/(-25). Suppose 0 = -4*o + 13 - 5. Let x(r) = -3 + 0*r - r**o + 2*r - 6*r. What is x(u)?
-8
Let v(t) = 27*t - 3. Let j(i) = -16*i + 1. Let f(b) = -5*j(b) - 3*v(b). What is f(2)?
2
Let y(o) = 14 + 2209*o - 4412*o - 3*o**2 + 4*o**2 + 2209*o. Calculate y(-7).
21
Let y(l) be the first derivative of 0*l - 1/6*l**3 + 0*l**5 + l**2 - 2 + 0*l**4 - 3/40*l**6. Let f(w) be the second derivative of y(w). What is f(-1)?
8
Let m(u) = -u - 40 - 40 - 49 - 49 + 173. Determine m(9).
-14
Let t be (-6)/8*(-32)/6. Suppose 2*l - l + 4 = 0, 0 = -4*m + 5*l - t. Let b(p) = p**2 + 6*p + 5. Give b(m).
5
Suppose -16*b = -13*b - 9. Let f(u) = -2*u - b*u + 0 + u + 6. Give f(4).
-10
Let n = 7 + -11. Let v = n + 10. Let y(c) = -1 - 3 + v + 2 - c. Determine y(3).
1
Suppose 0 = b - 4*b + 15. Suppose 0 = -u - 0*u + b. Let c(s) = -2*s**3 + s - 4*s**2 - 6 + s**3 - u*s. Calculate c(-4).
10
Suppose -4*s - s = 0, -3*i - 5*s = -12. Suppose 0 = i*f + 3 - 11. Let j(r) = 5*r**2 - 3 - 2*r - f*r**3 + 2*r**3 - r**3 - r. Calculate j(4).
1
Let o(q) = 18*q - 11. Let y(m) = 5*m - 3. Let b(j) = -6*o(j) + 21*y(j). Suppose -10 = -3*d + 8. Let w = d - 3. Give b(w).
-6
Let k(a) = 9*a**3 + 6*a**2 + a + 1. Let n(g) = -11*g**3 - 7*g**2 - g. Let b(l) = -6*k(l) - 5*n(l). Let w(t) = -t**3 + t. Let x be w(1). Calculate b(x).
-6
Let d be ((-4)/5)/((-6)/15). Let p(j) = -2*j + 4*j + d*j. Let x be (312 + -308)/(-1*(0 + 2)). Determine p(x).
-8
Let h(u) = -2*u + u + 18*u - 8*u - 7*u**2 + u**3. Calculate h(5).
-5
Let r(p) = 11*p**3 + 3*p - 33. Let m(l) = -4*l**3 - l + 10. Let j(i) = 8*m(i) + 3*r(i). What is j(0)?
-19
Let w be (6 + (-540)/(-8))*(-2)/(-3). Let v = 48 - w. Let y(l) be the second derivative of 7*l**3/6 - l**2/2 - l. Calculate y(v).
-8
Let l be -4 - 0 - -4 - 0. Let c(t) = -5 - 2*t + t - t**3 - 4*t. Let h(s) = 2*s**3 + 11*s + 11. Let f(i) = 13*c(i) + 6*h(i). Calculate f(l).
1
Let k(x) = -x**3 + 4*x**2 - 3*x + 1. Let z be k(2). Suppose -5 = -3*f - i - 6, 0 = z*f + 3*i + 9. Suppose 3*r = f - 10. Let h(s) = -s. What is h(r)?
3
Suppose -84 = -b - 6*b. Let t(z) = -18*z**2 + 33*z**2 + z - 14*z**2 - b. Determine t(0).
-12
Let r(y) be the first derivative of y**3/3 + 11*y**2/2 + 5*y + 21. Let f be r(-10). Let x(b) = b + 11. Determine x(f).
6
Suppose -2*d - 320*j - 27 = -321*j, 0 = -3*j + 3. Let z(h) = -h**3 - 12*h**2 + 14*h + 21. Calculate z(d).
8
Let z(p) = 3*p + 1. Let n be 1/(-6) + 1183/42. Let r = -24 + n. Suppose -r*d = -2*d - 12. Give z(d).
19
Let h(p) = -p**3 + 2. Let t be h(2). Let i be 6/(-9)*t + 8. Suppose i = 5*b + 42. Let d(q) = q**2 + 4*q - 7. Determine d(b).
5
Let t = -5 + -1. Let u = 9 + t. Let w(v) be the second derivative of -v**5/20 + v**4/4 + v**3/3 + 3*v**2/2 - 9*v. What is w(u)?
9
Let y(p) = -p**3 - 9*p**2 - 2*p - 12. Let o be y(-9). Let k(x) = -5*x + 3*x + o - x + 1. Let b be (-10)/4*24/(-10). Determine k(b).
-11
Let g(w) be the second derivative of w**3/3 + 3*w**2 + 14*w - 1. Let d(x) = -x**3 - x**2 + 2*x - 4. Let s be d(0). Give g(s).
-2
Let w be (0 + 0)*1/(-1). Suppose 5*f + w = 4*z - 3, -2*z = -4. Let j(m) = -9*m**3 - m**2 + m. Give j(f).
-9
Let w(j) = -4*j - j**2 - 17 - 25 - 25 + 71 - j. Suppose -3 - 22 = 5*a. What is w(a)?
4
Let u(f) = f**3 - 7*f**2 + 8*f - 6. Let m be 0/((-3)/(-6)*4 + -1). Suppose 5*h + 7 - 37 = m. Calculate u(h).
6
Let h be (-1257)/(-7) + 60/42 + -1. Let l = h - 181. Let q(w) be the first derivative of w**4 + w**3/3 + w**2 + w - 1. Calculate q(l).
-4
Let a = 401 - 398. Let o(b) = -5*b + 2. What is o(a)?
-13
Let h(t) = -2*t + 5. Suppose 5*r - 4*m + 32 + 14 = 0, 4*r + 12 = -3*m. Give h(r).
17
Let r(w) = -7 - w**2 + 2 + 0*w + 8 - 7*w - 1. Give r(-8).
-6
Let t(f) = 3*f - 6*f**2 - f + 3*f**2 - 6 + 4*f**2 - 1. Calculate t(-7).
28
Let t(p) = -p**3 - 5*p**2 - 2*p. Let z(h) = -h**3 + 7*h**2 + 9*h + 7. Let n be z(8). Suppose n = -5*w - 40. Let f = w + 7. Determine t(f).
-8
Suppose 21 = -2*c + 7. Let j(o) = 5*o**2 - 16*o - 15. Let m(z) = 11*z**2 - 33*z - 31. Let l(b) = -13*j(b) + 6*m(b). Give l(c).
-12
Let p(l) = l - 6. Let t = -70 + 78. Determine p(t).
2
Let h(a) = 5 + 4*a**2 + 9*a**2 + 10*a - 3*a - 15*a**2 + 3*a**2. What is h(-9)?
23
Let d(s) = s**2 - 11*s - 26. Suppose -4*t - 8*u = -9*u - 55, 32 = 2*t - 2*u. Calculate d(t).
0
Let f(o) = o**3 - 2*o - 2. Let v be (-91)/39 + (-5)/(-15). Calculate f(v).
-6
Let p(h) = -h + 3. Suppose -i - 22 + 52 = 0. Suppose 3*k + 44 = -31. Let s be i/k*10/3. Give p(s).
7
Let y(q) = q - 9. Suppose -14 - 14 = -7*n. Suppose t - 2 = 5*f + 14, 0 = -2*t + n*f + 20. Calculate y(t).
-3
Suppose 4 = -h - 0. Let p(c) be the first derivative of c**4/4 + 2*c**3/3 - 5*c**2/2 - 4*c - 2013. Give p(h).
-16
Let r = 120 - 120. Let h(c) = -42*c + 4 + r + 20*c + 23*c. Determine h(-8).
-4
Let u(r) = 0*r - r + 5*r + 1. Let c = 85 - 39. Let n = -43 + c. What is u(n)?
13
Let p be 4*36/80 + 12/(-15). Let d(j) = -6*j**3 + 2*j**2 - 2*j + 1. Determine d(p).
-5
Let a be (-42)/72*-14 + 3/(-18). Let g(b) = 2*b + 1. Determine g(a).
17
Let m be 2*28/16*(-12)/14. Let k(j) = -j**3 - 2*j**2 + 5*j + 2. Calculate k(m).
-4
Let p(l) be the third derivative of -17*l**6/60 + l**5/30 + l**4/24 - 117*l**2. Calculate p(-1).
35
Let q(u) = 4 - 3*u - 5 + 3. Let p(h) be the third derivative of -h**4/24 - 3*h**2. Let d(l) = 4*p(l) - q(l). Give d(-7).
5
Let s(u) = 7*u**2 + 16*u + 15. Let h be s(-1). Let m(f) be the third derivative of -f**6/120 + 7*f**5/60 - 3*f**4/8 + f**3 - 6*f**2. What is m(h)?
-12
Suppose 7*h - 2*h = 5*p - 30, 0 = h + 2. Let s be ((-15)/(-6))/((-5)/(-16)). Let k = p - s. Let q(o) = 2*o**2 + 4*o - 3. Determine q(k).
13
Let v(s) be the third derivative of -s**4/24 - 6*s**2 + 1. Give v(5).
-5
Let r(d) = d**2 - 9*d + 33. Suppose 8 = 4*n, 4 = -3*g - 2*n + 26. Give r(g).
15
Let i(r) be the first derivative of 1/3*r**3 - 1/2*r**2 + 18 + r. Let h be 3/6 + (-2)/(-4). Calculate i(h).
1
Suppose 4*n + 171 = 7. Let k = -47 - n. Let l(x) = x**2 + 5*x - 7. Give l(k).
-1
Let d = 450 - 454. Let r(f) = f**3 + 2*f**2 - 5*f + 3. Give r(d).
-9
Let y = 17 - 24. Let t(w) = -5*w. Let c be t(-1). Let u(v) = -8 + 5*v**3 - 8*v + c*v**2 + 6*v**3 + v**2 - 10*v**3. Determine u(y).
-1
Let k(w) = 12*w**3 - 5*w**2 + 8*w - 3. Let f(b) = 25*b**3 - 11*b**2 + 18*b - 7. Let q(s) = 4*f(s) - 9*k(s). Calculate q(-1).
8
Let c(o) be the third derivative of -o**4/12 + o**3/3 + o**2. Suppose -79*a = -80*a + 16. Let z(v) = v**3 - 15*v**2 - 17*v + 14. Let y be z(a). Calculate c(y).
6
Let n(r) = -2*r**2 - 7*r + 1. Let w be n(-3). Let t(k) = 10*k + w*k - 2 - 23*k - 6 - k**2. Determine t(-8).
0
Let t(g) = -g**2 - 5*g + 1. Let x(p) = -p**2 + 2*p + 4. Let j(a) = 5*a - 10. Let w be j(3). Let s = w - 1. Let k be x(s). Give t(k).
5
Let o(g) = 130*g + 130*g - 2*g**2 + 137*g - g**2 - 398*g. Let h(a) be the third derivative of a**4/24 + a**3/2 - a**2. Let w be h(-5). Calculate o(w).
-10
Let t(g) = -3*g**3 - 2*g**2 + g + 1. Let l = -224 + 222. What is t(l)?
15
Let a(p) be the second derivative of -2*p**3/3 - 15*p**2/2 + 54*p. Determine a(-5).
5
Let t(x) = -3*x**2 + 9*x - 42. Let j(a) = 5*a**2 - 19*a + 85. Let l(y) = 4*j(y) + 7*t(y). Let m(d) be the first derivative of l(d). Determine m(-10).
7
Let a(n) = -27*n**3 - 84*n**2 + 110*n + 173. Let y(w) = -5*w**3 - 17*w**2 + 22*w + 35. Let r(d) = 2*a(d) - 11*y(d). Give r(-20).
1
Let f(m) = 4*m + 3*m + 3*m**2 - 4 - 2*m**2. Let a = -380 + 37